{"id":23046,"date":"2026-02-10T12:58:02","date_gmt":"2026-02-10T10:58:02","guid":{"rendered":"https:\/\/leeuwardencityofliterature.nl\/?post_type=agenda&#038;p=23046"},"modified":"2026-03-10T12:23:36","modified_gmt":"2026-03-10T10:23:36","slug":"adriaan-van-dis-ongefilterd-on-tour-alles-voor-de-reis","status":"publish","type":"agenda","link":"https:\/\/leeuwardencityofliterature.nl\/fy\/agenda\/adriaan-van-dis-ongefilterd-on-tour-alles-voor-de-reis\/","title":{"rendered":"Adriaan van Dis Ongefilterd On Tour \u2013\u00a0Alles voor de reis"},"content":{"rendered":"\n<p>By it ferskinen fan syn nije roman <em>Alles voor de reis<\/em>, sil Adriaan van Dis op tongersdei 12 maart yn petear mei Simon Dikker Hupkes yn in spesjale <em>Van Dis Ongefilterd<\/em>-foarstelling yn Podium Explore yn Ljouwert.<\/p>\n\n\n\n<p>Yn de popul\u00eare podcast <em>Van Dis Ongefilterd<\/em> praat Adriaan van Dis twawykliks mei redakteur Simon Dikker Hupkes oer alles wat him dwaande h\u00e2ldt. Se dogge dat fan\u00fat de auteurskeamer fan \u00datjouwerij Atlas Contact. Nei mear as 50 \u00f4fleveringen dy&#8217;t al mear as 2 miljoen kear beharke binne, l\u00fbke Adriaan en Simon no it l\u00e2n yn mei in bys\u00fbndere te\u00e4tertoernee, w\u00earyn&#8217;t se iepenhertich en &#8216;\u00fbnfiltere&#8217; prate sille oer de nije roman <em>Alles voor de reis<\/em>.<\/p>\n\n\n\n<p>In \u00fbngen\u00easlik sike frou kiest foar in hospys, want d\u00ear kin se ek har minner \u00fbntfange. Yn in oanklikb\u00ead. Mei morfinepleisters en in ferbean gl\u00eas wyn \u00fat in teekopke. Yn har l\u00easte wiken freget sy him om har mei op reis te nimmen. It twatal flechtet yn de ferbylding, belibbet w\u00fbnderlike liter\u00eare tochten en fynt stipe by skriuwers. Mar sy ferkenne ek elkoar. Harren ferskillen, oerienkomsten, de leagens, it ferried en de ferw\u00fbningen dy&#8217;t harren foarmen. <em>Alles voor de reis<\/em> is in oangripende roman oer in grutte leafde. <\/p>\n\n\n\n<p>Yn de te\u00e4terfoarstelling nei oanlieding fan Adriaan syn meast persoanlike boek oant no ta, liedt dit ta in petear oer po\u00ebzy, \u00fbntrou, wierheid en leagens. Mar foaral giet it oer in grutte leafde foar in \u00fbnferjitlike frou.<br>Der is gelegenheid foar it publyk om fragen te stellen, om boeken fan Adriaan van Dis te keapjen en dy sinjeare te litten.<\/p>\n\n\n\n<p><\/p>\n\n\n\n<p><\/p>\n","protected":false},"featured_media":23048,"parent":0,"menu_order":158,"template":"","agenda_activity":[554,184],"agenda_language":[559],"class_list":["post-23046","agenda","type-agenda","status-publish","has-post-thumbnail","hentry","agenda_activity-foarlezen","agenda_activity-petear","agenda_language-nederlands-fy"],"acf":[],"yoast_head":"<!-- This site is optimized with the Yoast SEO plugin v27.5 - https:\/\/yoast.com\/product\/yoast-seo-wordpress\/ -->\n<title>Adriaan van Dis Ongefilterd On Tour \u2013\u00a0Alles voor de reis - Leeuwarden City of Literature<\/title>\n<meta name=\"description\" content=\"Theatervoorstelling met Adriaan van Dis over zijn meest persoonlijke boek. Een gesprek over po\u00ebzie, liefde en een onvergetelijke vrouw.\" \/>\n<meta name=\"robots\" content=\"index, follow, max-snippet:-1, max-image-preview:large, max-video-preview:-1\" \/>\n<link rel=\"canonical\" href=\"https:\/\/leeuwardencityofliterature.nl\/fy\/agenda\/adriaan-van-dis-ongefilterd-on-tour-alles-voor-de-reis\/\" \/>\n<meta property=\"og:locale\" content=\"nl_NL\" \/>\n<meta property=\"og:type\" content=\"article\" \/>\n<meta property=\"og:title\" content=\"Adriaan van Dis Ongefilterd On Tour \u2013\u00a0Alles voor de reis - Leeuwarden City of Literature\" \/>\n<meta property=\"og:description\" content=\"Theatervoorstelling met Adriaan van Dis over zijn meest persoonlijke boek. Een gesprek over po\u00ebzie, liefde en een onvergetelijke vrouw.\" \/>\n<meta property=\"og:url\" content=\"https:\/\/leeuwardencityofliterature.nl\/fy\/agenda\/adriaan-van-dis-ongefilterd-on-tour-alles-voor-de-reis\/\" \/>\n<meta property=\"og:site_name\" content=\"Leeuwarden City of Literature\" \/>\n<meta property=\"article:modified_time\" content=\"2026-03-10T10:23:36+00:00\" \/>\n<meta property=\"og:image\" content=\"https:\/\/leeuwardencityofliterature.nl\/wp-content\/uploads\/2026\/02\/Van-Dis-Ongefilterd.png\" \/>\n\t<meta property=\"og:image:width\" content=\"1400\" \/>\n\t<meta property=\"og:image:height\" content=\"1000\" \/>\n\t<meta property=\"og:image:type\" content=\"image\/png\" \/>\n<meta name=\"twitter:card\" content=\"summary_large_image\" \/>\n<meta name=\"twitter:label1\" content=\"Est. reading time\" \/>\n\t<meta name=\"twitter:data1\" content=\"2 minutes\" \/>\n<script type=\"application\/ld+json\" class=\"yoast-schema-graph\">{\"@context\":\"https:\\\/\\\/schema.org\",\"@graph\":[{\"@type\":\"WebPage\",\"@id\":\"https:\\\/\\\/leeuwardencityofliterature.nl\\\/fy\\\/agenda\\\/adriaan-van-dis-ongefilterd-on-tour-alles-voor-de-reis\\\/\",\"url\":\"https:\\\/\\\/leeuwardencityofliterature.nl\\\/fy\\\/agenda\\\/adriaan-van-dis-ongefilterd-on-tour-alles-voor-de-reis\\\/\",\"name\":\"Adriaan van Dis Ongefilterd On Tour \u2013\u00a0Alles voor de reis - Leeuwarden City of Literature\",\"isPartOf\":{\"@id\":\"https:\\\/\\\/leeuwardencityofliterature.nl\\\/fy\\\/#website\"},\"primaryImageOfPage\":{\"@id\":\"https:\\\/\\\/leeuwardencityofliterature.nl\\\/fy\\\/agenda\\\/adriaan-van-dis-ongefilterd-on-tour-alles-voor-de-reis\\\/#primaryimage\"},\"image\":{\"@id\":\"https:\\\/\\\/leeuwardencityofliterature.nl\\\/fy\\\/agenda\\\/adriaan-van-dis-ongefilterd-on-tour-alles-voor-de-reis\\\/#primaryimage\"},\"thumbnailUrl\":\"https:\\\/\\\/leeuwardencityofliterature.nl\\\/wp-content\\\/uploads\\\/2026\\\/02\\\/Van-Dis-Ongefilterd.png\",\"datePublished\":\"2026-02-10T10:58:02+00:00\",\"dateModified\":\"2026-03-10T10:23:36+00:00\",\"description\":\"Theatervoorstelling met Adriaan van Dis over zijn meest persoonlijke boek. Een gesprek over po\u00ebzie, liefde en een onvergetelijke vrouw.\",\"breadcrumb\":{\"@id\":\"https:\\\/\\\/leeuwardencityofliterature.nl\\\/fy\\\/agenda\\\/adriaan-van-dis-ongefilterd-on-tour-alles-voor-de-reis\\\/#breadcrumb\"},\"inLanguage\":\"nl-FY\",\"potentialAction\":[{\"@type\":\"ReadAction\",\"target\":[\"https:\\\/\\\/leeuwardencityofliterature.nl\\\/fy\\\/agenda\\\/adriaan-van-dis-ongefilterd-on-tour-alles-voor-de-reis\\\/\"]}]},{\"@type\":\"ImageObject\",\"inLanguage\":\"nl-FY\",\"@id\":\"https:\\\/\\\/leeuwardencityofliterature.nl\\\/fy\\\/agenda\\\/adriaan-van-dis-ongefilterd-on-tour-alles-voor-de-reis\\\/#primaryimage\",\"url\":\"https:\\\/\\\/leeuwardencityofliterature.nl\\\/wp-content\\\/uploads\\\/2026\\\/02\\\/Van-Dis-Ongefilterd.png\",\"contentUrl\":\"https:\\\/\\\/leeuwardencityofliterature.nl\\\/wp-content\\\/uploads\\\/2026\\\/02\\\/Van-Dis-Ongefilterd.png\",\"width\":1400,\"height\":1000,\"caption\":\"Adriaan van Dis\"},{\"@type\":\"BreadcrumbList\",\"@id\":\"https:\\\/\\\/leeuwardencityofliterature.nl\\\/fy\\\/agenda\\\/adriaan-van-dis-ongefilterd-on-tour-alles-voor-de-reis\\\/#breadcrumb\",\"itemListElement\":[{\"@type\":\"ListItem\",\"position\":1,\"name\":\"Home\",\"item\":\"https:\\\/\\\/leeuwardencityofliterature.nl\\\/fy\\\/\"},{\"@type\":\"ListItem\",\"position\":2,\"name\":\"Adriaan van Dis Ongefilterd On Tour \u2013\u00a0Alles voor de reis\"}]},{\"@type\":\"WebSite\",\"@id\":\"https:\\\/\\\/leeuwardencityofliterature.nl\\\/fy\\\/#website\",\"url\":\"https:\\\/\\\/leeuwardencityofliterature.nl\\\/fy\\\/\",\"name\":\"Leeuwarden City of Literature\",\"description\":\"\",\"potentialAction\":[{\"@type\":\"SearchAction\",\"target\":{\"@type\":\"EntryPoint\",\"urlTemplate\":\"https:\\\/\\\/leeuwardencityofliterature.nl\\\/fy\\\/?s={search_term_string}\"},\"query-input\":{\"@type\":\"PropertyValueSpecification\",\"valueRequired\":true,\"valueName\":\"search_term_string\"}}],\"inLanguage\":\"nl-FY\"}]}<\/script>\n<!-- \/ Yoast SEO plugin. -->","yoast_head_json":{"title":"Adriaan van Dis Ongefilterd On Tour \u2013\u00a0Alles voor de reis - Leeuwarden City of Literature","description":"Theatervoorstelling met Adriaan van Dis over zijn meest persoonlijke boek. Een gesprek over po\u00ebzie, liefde en een onvergetelijke vrouw.","robots":{"index":"index","follow":"follow","max-snippet":"max-snippet:-1","max-image-preview":"max-image-preview:large","max-video-preview":"max-video-preview:-1"},"canonical":"https:\/\/leeuwardencityofliterature.nl\/fy\/agenda\/adriaan-van-dis-ongefilterd-on-tour-alles-voor-de-reis\/","og_locale":"nl_NL","og_type":"article","og_title":"Adriaan van Dis Ongefilterd On Tour \u2013\u00a0Alles voor de reis - Leeuwarden City of Literature","og_description":"Theatervoorstelling met Adriaan van Dis over zijn meest persoonlijke boek. Een gesprek over po\u00ebzie, liefde en een onvergetelijke vrouw.","og_url":"https:\/\/leeuwardencityofliterature.nl\/fy\/agenda\/adriaan-van-dis-ongefilterd-on-tour-alles-voor-de-reis\/","og_site_name":"Leeuwarden City of Literature","article_modified_time":"2026-03-10T10:23:36+00:00","og_image":[{"url":"https:\/\/leeuwardencityofliterature.nl\/wp-content\/uploads\/2026\/02\/Van-Dis-Ongefilterd.png","width":1400,"height":1000,"type":"image\/png"}],"twitter_card":"summary_large_image","twitter_misc":{"Est. reading time":"2 minutes"},"schema":{"@context":"https:\/\/schema.org","@graph":[{"@type":"WebPage","@id":"https:\/\/leeuwardencityofliterature.nl\/fy\/agenda\/adriaan-van-dis-ongefilterd-on-tour-alles-voor-de-reis\/","url":"https:\/\/leeuwardencityofliterature.nl\/fy\/agenda\/adriaan-van-dis-ongefilterd-on-tour-alles-voor-de-reis\/","name":"Adriaan van Dis Ongefilterd On Tour \u2013\u00a0Alles voor de reis - Leeuwarden City of Literature","isPartOf":{"@id":"https:\/\/leeuwardencityofliterature.nl\/fy\/#website"},"primaryImageOfPage":{"@id":"https:\/\/leeuwardencityofliterature.nl\/fy\/agenda\/adriaan-van-dis-ongefilterd-on-tour-alles-voor-de-reis\/#primaryimage"},"image":{"@id":"https:\/\/leeuwardencityofliterature.nl\/fy\/agenda\/adriaan-van-dis-ongefilterd-on-tour-alles-voor-de-reis\/#primaryimage"},"thumbnailUrl":"https:\/\/leeuwardencityofliterature.nl\/wp-content\/uploads\/2026\/02\/Van-Dis-Ongefilterd.png","datePublished":"2026-02-10T10:58:02+00:00","dateModified":"2026-03-10T10:23:36+00:00","description":"Theatervoorstelling met Adriaan van Dis over zijn meest persoonlijke boek. Een gesprek over po\u00ebzie, liefde en een onvergetelijke vrouw.","breadcrumb":{"@id":"https:\/\/leeuwardencityofliterature.nl\/fy\/agenda\/adriaan-van-dis-ongefilterd-on-tour-alles-voor-de-reis\/#breadcrumb"},"inLanguage":"nl-FY","potentialAction":[{"@type":"ReadAction","target":["https:\/\/leeuwardencityofliterature.nl\/fy\/agenda\/adriaan-van-dis-ongefilterd-on-tour-alles-voor-de-reis\/"]}]},{"@type":"ImageObject","inLanguage":"nl-FY","@id":"https:\/\/leeuwardencityofliterature.nl\/fy\/agenda\/adriaan-van-dis-ongefilterd-on-tour-alles-voor-de-reis\/#primaryimage","url":"https:\/\/leeuwardencityofliterature.nl\/wp-content\/uploads\/2026\/02\/Van-Dis-Ongefilterd.png","contentUrl":"https:\/\/leeuwardencityofliterature.nl\/wp-content\/uploads\/2026\/02\/Van-Dis-Ongefilterd.png","width":1400,"height":1000,"caption":"Adriaan van Dis"},{"@type":"BreadcrumbList","@id":"https:\/\/leeuwardencityofliterature.nl\/fy\/agenda\/adriaan-van-dis-ongefilterd-on-tour-alles-voor-de-reis\/#breadcrumb","itemListElement":[{"@type":"ListItem","position":1,"name":"Home","item":"https:\/\/leeuwardencityofliterature.nl\/fy\/"},{"@type":"ListItem","position":2,"name":"Adriaan van Dis Ongefilterd On Tour \u2013\u00a0Alles voor de reis"}]},{"@type":"WebSite","@id":"https:\/\/leeuwardencityofliterature.nl\/fy\/#website","url":"https:\/\/leeuwardencityofliterature.nl\/fy\/","name":"Leeuwarden City of Literature","description":"","potentialAction":[{"@type":"SearchAction","target":{"@type":"EntryPoint","urlTemplate":"https:\/\/leeuwardencityofliterature.nl\/fy\/?s={search_term_string}"},"query-input":{"@type":"PropertyValueSpecification","valueRequired":true,"valueName":"search_term_string"}}],"inLanguage":"nl-FY"}]}},"_links":{"self":[{"href":"https:\/\/leeuwardencityofliterature.nl\/fy\/wp-json\/wp\/v2\/agenda\/23046","targetHints":{"allow":["GET"]}}],"collection":[{"href":"https:\/\/leeuwardencityofliterature.nl\/fy\/wp-json\/wp\/v2\/agenda"}],"about":[{"href":"https:\/\/leeuwardencityofliterature.nl\/fy\/wp-json\/wp\/v2\/types\/agenda"}],"version-history":[{"count":4,"href":"https:\/\/leeuwardencityofliterature.nl\/fy\/wp-json\/wp\/v2\/agenda\/23046\/revisions"}],"predecessor-version":[{"id":23582,"href":"https:\/\/leeuwardencityofliterature.nl\/fy\/wp-json\/wp\/v2\/agenda\/23046\/revisions\/23582"}],"wp:featuredmedia":[{"embeddable":true,"href":"https:\/\/leeuwardencityofliterature.nl\/fy\/wp-json\/wp\/v2\/media\/23048"}],"wp:attachment":[{"href":"https:\/\/leeuwardencityofliterature.nl\/fy\/wp-json\/wp\/v2\/media?parent=23046"}],"wp:term":[{"taxonomy":"agenda_activity","embeddable":true,"href":"https:\/\/leeuwardencityofliterature.nl\/fy\/wp-json\/wp\/v2\/agenda_activity?post=23046"},{"taxonomy":"agenda_language","embeddable":true,"href":"https:\/\/leeuwardencityofliterature.nl\/fy\/wp-json\/wp\/v2\/agenda_language?post=23046"}],"curies":[{"name":"wp","href":"https:\/\/api.w.org\/{rel}","templated":true}]}}

<p>By it ferskinen fan syn nije roman <em>Alles voor de reis</em>, sil Adriaan van Dis op tongersdei 12 maart yn petear mei Simon Dikker Hupkes yn in spesjale <em>Van Dis Ongefilterd</em>-foarstelling yn Podium Explore yn Ljouwert.</p>



<p>Yn de populêre podcast <em>Van Dis Ongefilterd</em> praat Adriaan van Dis twawykliks mei redakteur Simon Dikker Hupkes oer alles wat him dwaande hâldt. Se dogge dat fanút de auteurskeamer fan Útjouwerij Atlas Contact. Nei mear as 50 ôfleveringen dy&#8217;t al mear as 2 miljoen kear beharke binne, lûke Adriaan en Simon no it lân yn mei in bysûndere teätertoernee, wêryn&#8217;t se iepenhertich en &#8216;ûnfiltere&#8217; prate sille oer de nije roman <em>Alles voor de reis</em>.</p>



<p>In ûngenêslik sike frou kiest foar in hospys, want dêr kin se ek har minner ûntfange. Yn in oanklikbêd. Mei morfinepleisters en in ferbean glês wyn út in teekopke. Yn har lêste wiken freget sy him om har mei op reis te nimmen. It twatal flechtet yn de ferbylding, belibbet wûnderlike literêre tochten en fynt stipe by skriuwers. Mar sy ferkenne ek elkoar. Harren ferskillen, oerienkomsten, de leagens, it ferried en de ferwûningen dy&#8217;t harren foarmen. <em>Alles voor de reis</em> is in oangripende roman oer in grutte leafde. </p>



<p>Yn de teäterfoarstelling nei oanlieding fan Adriaan syn meast persoanlike boek oant no ta, liedt dit ta in petear oer poëzy, ûntrou, wierheid en leagens. Mar foaral giet it oer in grutte leafde foar in ûnferjitlike frou.<br>Der is gelegenheid foar it publyk om fragen te stellen, om boeken fan Adriaan van Dis te keapjen en dy sinjeare te litten.</p>



<p></p>



<p></p>

<!-- This site is optimized with the Yoast SEO plugin v27.5 - https://yoast.com/product/yoast-seo-wordpress/ -->
<title>Adriaan van Dis Ongefilterd On Tour – Alles voor de reis - Leeuwarden City of Literature</title>
<meta name="description" content="Theatervoorstelling met Adriaan van Dis over zijn meest persoonlijke boek. Een gesprek over poëzie, liefde en een onvergetelijke vrouw." />
<meta name="robots" content="index, follow, max-snippet:-1, max-image-preview:large, max-video-preview:-1" />
<link rel="canonical" href="https://leeuwardencityofliterature.nl/fy/agenda/adriaan-van-dis-ongefilterd-on-tour-alles-voor-de-reis/" />
<meta property="og:locale" content="nl_NL" />
<meta property="og:type" content="article" />
<meta property="og:title" content="Adriaan van Dis Ongefilterd On Tour – Alles voor de reis - Leeuwarden City of Literature" />
<meta property="og:description" content="Theatervoorstelling met Adriaan van Dis over zijn meest persoonlijke boek. Een gesprek over poëzie, liefde en een onvergetelijke vrouw." />
<meta property="og:url" content="https://leeuwardencityofliterature.nl/fy/agenda/adriaan-van-dis-ongefilterd-on-tour-alles-voor-de-reis/" />
<meta property="og:site_name" content="Leeuwarden City of Literature" />
<meta property="article:modified_time" content="2026-03-10T10:23:36+00:00" />
<meta property="og:image" content="https://leeuwardencityofliterature.nl/wp-content/uploads/2026/02/Van-Dis-Ongefilterd.png" />
	<meta property="og:image:width" content="1400" />
	<meta property="og:image:height" content="1000" />
	<meta property="og:image:type" content="image/png" />
<meta name="twitter:card" content="summary_large_image" />
<meta name="twitter:label1" content="Est. reading time" />
	<meta name="twitter:data1" content="2 minutes" />
<script type="application/ld+json" class="yoast-schema-graph">{"@context":"https:\/\/schema.org","@graph":[{"@type":"WebPage","@id":"https:\/\/leeuwardencityofliterature.nl\/fy\/agenda\/adriaan-van-dis-ongefilterd-on-tour-alles-voor-de-reis\/","url":"https:\/\/leeuwardencityofliterature.nl\/fy\/agenda\/adriaan-van-dis-ongefilterd-on-tour-alles-voor-de-reis\/","name":"Adriaan van Dis Ongefilterd On Tour – Alles voor de reis - Leeuwarden City of Literature","isPartOf":{"@id":"https:\/\/leeuwardencityofliterature.nl\/fy\/#website"},"primaryImageOfPage":{"@id":"https:\/\/leeuwardencityofliterature.nl\/fy\/agenda\/adriaan-van-dis-ongefilterd-on-tour-alles-voor-de-reis\/#primaryimage"},"image":{"@id":"https:\/\/leeuwardencityofliterature.nl\/fy\/agenda\/adriaan-van-dis-ongefilterd-on-tour-alles-voor-de-reis\/#primaryimage"},"thumbnailUrl":"https:\/\/leeuwardencityofliterature.nl\/wp-content\/uploads\/2026\/02\/Van-Dis-Ongefilterd.png","datePublished":"2026-02-10T10:58:02+00:00","dateModified":"2026-03-10T10:23:36+00:00","description":"Theatervoorstelling met Adriaan van Dis over zijn meest persoonlijke boek. Een gesprek over poëzie, liefde en een onvergetelijke vrouw.","breadcrumb":{"@id":"https:\/\/leeuwardencityofliterature.nl\/fy\/agenda\/adriaan-van-dis-ongefilterd-on-tour-alles-voor-de-reis\/#breadcrumb"},"inLanguage":"nl-FY","potentialAction":[{"@type":"ReadAction","target":["https:\/\/leeuwardencityofliterature.nl\/fy\/agenda\/adriaan-van-dis-ongefilterd-on-tour-alles-voor-de-reis\/"]}]},{"@type":"ImageObject","inLanguage":"nl-FY","@id":"https:\/\/leeuwardencityofliterature.nl\/fy\/agenda\/adriaan-van-dis-ongefilterd-on-tour-alles-voor-de-reis\/#primaryimage","url":"https:\/\/leeuwardencityofliterature.nl\/wp-content\/uploads\/2026\/02\/Van-Dis-Ongefilterd.png","contentUrl":"https:\/\/leeuwardencityofliterature.nl\/wp-content\/uploads\/2026\/02\/Van-Dis-Ongefilterd.png","width":1400,"height":1000,"caption":"Adriaan van Dis"},{"@type":"BreadcrumbList","@id":"https:\/\/leeuwardencityofliterature.nl\/fy\/agenda\/adriaan-van-dis-ongefilterd-on-tour-alles-voor-de-reis\/#breadcrumb","itemListElement":[{"@type":"ListItem","position":1,"name":"Home","item":"https:\/\/leeuwardencityofliterature.nl\/fy\/"},{"@type":"ListItem","position":2,"name":"Adriaan van Dis Ongefilterd On Tour – Alles voor de reis"}]},{"@type":"WebSite","@id":"https:\/\/leeuwardencityofliterature.nl\/fy\/#website","url":"https:\/\/leeuwardencityofliterature.nl\/fy\/","name":"Leeuwarden City of Literature","description":"","potentialAction":[{"@type":"SearchAction","target":{"@type":"EntryPoint","urlTemplate":"https:\/\/leeuwardencityofliterature.nl\/fy\/?s={search_term_string}"},"query-input":{"@type":"PropertyValueSpecification","valueRequired":true,"valueName":"search_term_string"}}],"inLanguage":"nl-FY"}]}</script>
<!-- / Yoast SEO plugin. -->

Theatervoorstelling met Adriaan van Dis over zijn meest persoonlijke boek. Een gesprek over poëzie, liefde en een onvergetelijke vrouw.
