{"id":10441,"date":"2023-02-21T21:14:06","date_gmt":"2023-02-21T19:14:06","guid":{"rendered":"https:\/\/leeuwardencityofliterature.nl\/agenda\/coen-peppelenbosch-interviewt-marieke-lucas-rijneveld\/"},"modified":"2023-02-21T21:14:06","modified_gmt":"2023-02-21T19:14:06","slug":"coen-peppelenbosch-interviewt-marieke-lucas-rijneveld","status":"publish","type":"agenda","link":"https:\/\/leeuwardencityofliterature.nl\/fy\/agenda\/coen-peppelenbosch-interviewt-marieke-lucas-rijneveld\/","title":{"rendered":"Coen Peppelenbosch interviewt Marieke Lucas Rijneveld"},"content":{"rendered":"\n<p>dbieb organiseert op zondag 2 april een middag met Marieke Lucas Rijneveld. <\/p>\n\n\n\n<p>Marieke Lucas draagt po\u00ebzie voor en signeert in de pauze. Hij wordt ge\u00efnterviewd door dichter en schrijver Coen Peppelenbos.<\/p>\n\n\n\n<p>(Deze activiteit was eerder gepland in de Po\u00ebzieweek, maar kon toen niet doorgaan)<\/p>\n\n\n\n<div class=\"wp-block-buttons is-layout-flex wp-block-buttons-is-layout-flex\">\n<div class=\"wp-block-button\"><a class=\"wp-block-button__link\" href=\"https:\/\/dbieb.op-shop.nl\/4200\/marieke-lucas-rijneveld\/02-04-2023\" target=\"_blank\" rel=\"noreferrer noopener\">Meer info en kaartjes<\/a><\/div>\n<\/div>\n\n\n\n<p><\/p>\n","protected":false},"featured_media":10439,"parent":0,"menu_order":954,"template":"","agenda_activity":[32],"agenda_language":[],"class_list":["post-10441","agenda","type-agenda","status-publish","has-post-thumbnail","hentry","agenda_activity-lezing-fy"],"acf":[],"yoast_head":"<!-- This site is optimized with the Yoast SEO plugin v27.5 - https:\/\/yoast.com\/product\/yoast-seo-wordpress\/ -->\n<title>Coen Peppelenbosch interviewt Marieke Lucas Rijneveld - Leeuwarden City of Literature<\/title>\n<meta name=\"robots\" content=\"index, follow, max-snippet:-1, max-image-preview:large, max-video-preview:-1\" \/>\n<link rel=\"canonical\" href=\"https:\/\/leeuwardencityofliterature.nl\/fy\/agenda\/coen-peppelenbosch-interviewt-marieke-lucas-rijneveld\/\" \/>\n<meta property=\"og:locale\" content=\"nl_NL\" \/>\n<meta property=\"og:type\" content=\"article\" \/>\n<meta property=\"og:title\" content=\"Coen Peppelenbosch interviewt Marieke Lucas Rijneveld - Leeuwarden City of Literature\" \/>\n<meta property=\"og:description\" content=\"dbieb organiseert op zondag 2 april een middag met Marieke Lucas Rijneveld. Marieke Lucas draagt po\u00ebzie voor en signeert in de pauze. Hij wordt ge\u00efnterviewd door dichter en schrijver Coen Peppelenbos. (Deze activiteit was eerder gepland in de Po\u00ebzieweek, maar kon toen niet doorgaan)\" \/>\n<meta property=\"og:url\" content=\"https:\/\/leeuwardencityofliterature.nl\/fy\/agenda\/coen-peppelenbosch-interviewt-marieke-lucas-rijneveld\/\" \/>\n<meta property=\"og:site_name\" content=\"Leeuwarden City of Literature\" \/>\n<meta property=\"og:image\" content=\"https:\/\/leeuwardencityofliterature.nl\/wp-content\/uploads\/2023\/02\/639b142d5a851.jpg\" \/>\n\t<meta property=\"og:image:width\" content=\"499\" \/>\n\t<meta property=\"og:image:height\" content=\"400\" \/>\n\t<meta property=\"og:image:type\" content=\"image\/jpeg\" \/>\n<meta name=\"twitter:card\" content=\"summary_large_image\" \/>\n<meta name=\"twitter:label1\" content=\"Est. reading time\" \/>\n\t<meta name=\"twitter:data1\" content=\"1 minute\" \/>\n<script type=\"application\/ld+json\" class=\"yoast-schema-graph\">{\"@context\":\"https:\\\/\\\/schema.org\",\"@graph\":[{\"@type\":\"WebPage\",\"@id\":\"https:\\\/\\\/leeuwardencityofliterature.nl\\\/fy\\\/agenda\\\/coen-peppelenbosch-interviewt-marieke-lucas-rijneveld\\\/\",\"url\":\"https:\\\/\\\/leeuwardencityofliterature.nl\\\/fy\\\/agenda\\\/coen-peppelenbosch-interviewt-marieke-lucas-rijneveld\\\/\",\"name\":\"Coen Peppelenbosch interviewt Marieke Lucas Rijneveld - Leeuwarden City of Literature\",\"isPartOf\":{\"@id\":\"https:\\\/\\\/leeuwardencityofliterature.nl\\\/fy\\\/#website\"},\"primaryImageOfPage\":{\"@id\":\"https:\\\/\\\/leeuwardencityofliterature.nl\\\/fy\\\/agenda\\\/coen-peppelenbosch-interviewt-marieke-lucas-rijneveld\\\/#primaryimage\"},\"image\":{\"@id\":\"https:\\\/\\\/leeuwardencityofliterature.nl\\\/fy\\\/agenda\\\/coen-peppelenbosch-interviewt-marieke-lucas-rijneveld\\\/#primaryimage\"},\"thumbnailUrl\":\"https:\\\/\\\/leeuwardencityofliterature.nl\\\/wp-content\\\/uploads\\\/2023\\\/02\\\/639b142d5a851.jpg\",\"datePublished\":\"2023-02-21T19:14:06+00:00\",\"breadcrumb\":{\"@id\":\"https:\\\/\\\/leeuwardencityofliterature.nl\\\/fy\\\/agenda\\\/coen-peppelenbosch-interviewt-marieke-lucas-rijneveld\\\/#breadcrumb\"},\"inLanguage\":\"nl-FY\",\"potentialAction\":[{\"@type\":\"ReadAction\",\"target\":[\"https:\\\/\\\/leeuwardencityofliterature.nl\\\/fy\\\/agenda\\\/coen-peppelenbosch-interviewt-marieke-lucas-rijneveld\\\/\"]}]},{\"@type\":\"ImageObject\",\"inLanguage\":\"nl-FY\",\"@id\":\"https:\\\/\\\/leeuwardencityofliterature.nl\\\/fy\\\/agenda\\\/coen-peppelenbosch-interviewt-marieke-lucas-rijneveld\\\/#primaryimage\",\"url\":\"https:\\\/\\\/leeuwardencityofliterature.nl\\\/wp-content\\\/uploads\\\/2023\\\/02\\\/639b142d5a851.jpg\",\"contentUrl\":\"https:\\\/\\\/leeuwardencityofliterature.nl\\\/wp-content\\\/uploads\\\/2023\\\/02\\\/639b142d5a851.jpg\",\"width\":499,\"height\":400},{\"@type\":\"BreadcrumbList\",\"@id\":\"https:\\\/\\\/leeuwardencityofliterature.nl\\\/fy\\\/agenda\\\/coen-peppelenbosch-interviewt-marieke-lucas-rijneveld\\\/#breadcrumb\",\"itemListElement\":[{\"@type\":\"ListItem\",\"position\":1,\"name\":\"Home\",\"item\":\"https:\\\/\\\/leeuwardencityofliterature.nl\\\/fy\\\/\"},{\"@type\":\"ListItem\",\"position\":2,\"name\":\"Coen Peppelenbosch interviewt Marieke Lucas Rijneveld\"}]},{\"@type\":\"WebSite\",\"@id\":\"https:\\\/\\\/leeuwardencityofliterature.nl\\\/fy\\\/#website\",\"url\":\"https:\\\/\\\/leeuwardencityofliterature.nl\\\/fy\\\/\",\"name\":\"Leeuwarden City of Literature\",\"description\":\"\",\"potentialAction\":[{\"@type\":\"SearchAction\",\"target\":{\"@type\":\"EntryPoint\",\"urlTemplate\":\"https:\\\/\\\/leeuwardencityofliterature.nl\\\/fy\\\/?s={search_term_string}\"},\"query-input\":{\"@type\":\"PropertyValueSpecification\",\"valueRequired\":true,\"valueName\":\"search_term_string\"}}],\"inLanguage\":\"nl-FY\"}]}<\/script>\n<!-- \/ Yoast SEO plugin. -->","yoast_head_json":{"title":"Coen Peppelenbosch interviewt Marieke Lucas Rijneveld - Leeuwarden City of Literature","robots":{"index":"index","follow":"follow","max-snippet":"max-snippet:-1","max-image-preview":"max-image-preview:large","max-video-preview":"max-video-preview:-1"},"canonical":"https:\/\/leeuwardencityofliterature.nl\/fy\/agenda\/coen-peppelenbosch-interviewt-marieke-lucas-rijneveld\/","og_locale":"nl_NL","og_type":"article","og_title":"Coen Peppelenbosch interviewt Marieke Lucas Rijneveld - Leeuwarden City of Literature","og_description":"dbieb organiseert op zondag 2 april een middag met Marieke Lucas Rijneveld. Marieke Lucas draagt po\u00ebzie voor en signeert in de pauze. Hij wordt ge\u00efnterviewd door dichter en schrijver Coen Peppelenbos. (Deze activiteit was eerder gepland in de Po\u00ebzieweek, maar kon toen niet doorgaan)","og_url":"https:\/\/leeuwardencityofliterature.nl\/fy\/agenda\/coen-peppelenbosch-interviewt-marieke-lucas-rijneveld\/","og_site_name":"Leeuwarden City of Literature","og_image":[{"width":499,"height":400,"url":"https:\/\/leeuwardencityofliterature.nl\/wp-content\/uploads\/2023\/02\/639b142d5a851.jpg","type":"image\/jpeg"}],"twitter_card":"summary_large_image","twitter_misc":{"Est. reading time":"1 minute"},"schema":{"@context":"https:\/\/schema.org","@graph":[{"@type":"WebPage","@id":"https:\/\/leeuwardencityofliterature.nl\/fy\/agenda\/coen-peppelenbosch-interviewt-marieke-lucas-rijneveld\/","url":"https:\/\/leeuwardencityofliterature.nl\/fy\/agenda\/coen-peppelenbosch-interviewt-marieke-lucas-rijneveld\/","name":"Coen Peppelenbosch interviewt Marieke Lucas Rijneveld - Leeuwarden City of Literature","isPartOf":{"@id":"https:\/\/leeuwardencityofliterature.nl\/fy\/#website"},"primaryImageOfPage":{"@id":"https:\/\/leeuwardencityofliterature.nl\/fy\/agenda\/coen-peppelenbosch-interviewt-marieke-lucas-rijneveld\/#primaryimage"},"image":{"@id":"https:\/\/leeuwardencityofliterature.nl\/fy\/agenda\/coen-peppelenbosch-interviewt-marieke-lucas-rijneveld\/#primaryimage"},"thumbnailUrl":"https:\/\/leeuwardencityofliterature.nl\/wp-content\/uploads\/2023\/02\/639b142d5a851.jpg","datePublished":"2023-02-21T19:14:06+00:00","breadcrumb":{"@id":"https:\/\/leeuwardencityofliterature.nl\/fy\/agenda\/coen-peppelenbosch-interviewt-marieke-lucas-rijneveld\/#breadcrumb"},"inLanguage":"nl-FY","potentialAction":[{"@type":"ReadAction","target":["https:\/\/leeuwardencityofliterature.nl\/fy\/agenda\/coen-peppelenbosch-interviewt-marieke-lucas-rijneveld\/"]}]},{"@type":"ImageObject","inLanguage":"nl-FY","@id":"https:\/\/leeuwardencityofliterature.nl\/fy\/agenda\/coen-peppelenbosch-interviewt-marieke-lucas-rijneveld\/#primaryimage","url":"https:\/\/leeuwardencityofliterature.nl\/wp-content\/uploads\/2023\/02\/639b142d5a851.jpg","contentUrl":"https:\/\/leeuwardencityofliterature.nl\/wp-content\/uploads\/2023\/02\/639b142d5a851.jpg","width":499,"height":400},{"@type":"BreadcrumbList","@id":"https:\/\/leeuwardencityofliterature.nl\/fy\/agenda\/coen-peppelenbosch-interviewt-marieke-lucas-rijneveld\/#breadcrumb","itemListElement":[{"@type":"ListItem","position":1,"name":"Home","item":"https:\/\/leeuwardencityofliterature.nl\/fy\/"},{"@type":"ListItem","position":2,"name":"Coen Peppelenbosch interviewt Marieke Lucas Rijneveld"}]},{"@type":"WebSite","@id":"https:\/\/leeuwardencityofliterature.nl\/fy\/#website","url":"https:\/\/leeuwardencityofliterature.nl\/fy\/","name":"Leeuwarden City of Literature","description":"","potentialAction":[{"@type":"SearchAction","target":{"@type":"EntryPoint","urlTemplate":"https:\/\/leeuwardencityofliterature.nl\/fy\/?s={search_term_string}"},"query-input":{"@type":"PropertyValueSpecification","valueRequired":true,"valueName":"search_term_string"}}],"inLanguage":"nl-FY"}]}},"_links":{"self":[{"href":"https:\/\/leeuwardencityofliterature.nl\/fy\/wp-json\/wp\/v2\/agenda\/10441","targetHints":{"allow":["GET"]}}],"collection":[{"href":"https:\/\/leeuwardencityofliterature.nl\/fy\/wp-json\/wp\/v2\/agenda"}],"about":[{"href":"https:\/\/leeuwardencityofliterature.nl\/fy\/wp-json\/wp\/v2\/types\/agenda"}],"version-history":[{"count":0,"href":"https:\/\/leeuwardencityofliterature.nl\/fy\/wp-json\/wp\/v2\/agenda\/10441\/revisions"}],"wp:featuredmedia":[{"embeddable":true,"href":"https:\/\/leeuwardencityofliterature.nl\/fy\/wp-json\/wp\/v2\/media\/10439"}],"wp:attachment":[{"href":"https:\/\/leeuwardencityofliterature.nl\/fy\/wp-json\/wp\/v2\/media?parent=10441"}],"wp:term":[{"taxonomy":"agenda_activity","embeddable":true,"href":"https:\/\/leeuwardencityofliterature.nl\/fy\/wp-json\/wp\/v2\/agenda_activity?post=10441"},{"taxonomy":"agenda_language","embeddable":true,"href":"https:\/\/leeuwardencityofliterature.nl\/fy\/wp-json\/wp\/v2\/agenda_language?post=10441"}],"curies":[{"name":"wp","href":"https:\/\/api.w.org\/{rel}","templated":true}]}}

<p>dbieb organiseert op zondag 2 april een middag met Marieke Lucas Rijneveld. </p>



<p>Marieke Lucas draagt poëzie voor en signeert in de pauze. Hij wordt geïnterviewd door dichter en schrijver Coen Peppelenbos.</p>



<p>(Deze activiteit was eerder gepland in de Poëzieweek, maar kon toen niet doorgaan)</p>



<div class="wp-block-buttons is-layout-flex wp-block-buttons-is-layout-flex">
<div class="wp-block-button"><a class="wp-block-button__link" href="https://dbieb.op-shop.nl/4200/marieke-lucas-rijneveld/02-04-2023" target="_blank" rel="noreferrer noopener">Meer info en kaartjes</a></div>
</div>



<p></p>

<!-- This site is optimized with the Yoast SEO plugin v27.5 - https://yoast.com/product/yoast-seo-wordpress/ -->
<title>Coen Peppelenbosch interviewt Marieke Lucas Rijneveld - Leeuwarden City of Literature</title>
<meta name="robots" content="index, follow, max-snippet:-1, max-image-preview:large, max-video-preview:-1" />
<link rel="canonical" href="https://leeuwardencityofliterature.nl/fy/agenda/coen-peppelenbosch-interviewt-marieke-lucas-rijneveld/" />
<meta property="og:locale" content="nl_NL" />
<meta property="og:type" content="article" />
<meta property="og:title" content="Coen Peppelenbosch interviewt Marieke Lucas Rijneveld - Leeuwarden City of Literature" />
<meta property="og:description" content="dbieb organiseert op zondag 2 april een middag met Marieke Lucas Rijneveld. Marieke Lucas draagt poëzie voor en signeert in de pauze. Hij wordt geïnterviewd door dichter en schrijver Coen Peppelenbos. (Deze activiteit was eerder gepland in de Poëzieweek, maar kon toen niet doorgaan)" />
<meta property="og:url" content="https://leeuwardencityofliterature.nl/fy/agenda/coen-peppelenbosch-interviewt-marieke-lucas-rijneveld/" />
<meta property="og:site_name" content="Leeuwarden City of Literature" />
<meta property="og:image" content="https://leeuwardencityofliterature.nl/wp-content/uploads/2023/02/639b142d5a851.jpg" />
	<meta property="og:image:width" content="499" />
	<meta property="og:image:height" content="400" />
	<meta property="og:image:type" content="image/jpeg" />
<meta name="twitter:card" content="summary_large_image" />
<meta name="twitter:label1" content="Est. reading time" />
	<meta name="twitter:data1" content="1 minute" />
<script type="application/ld+json" class="yoast-schema-graph">{"@context":"https:\/\/schema.org","@graph":[{"@type":"WebPage","@id":"https:\/\/leeuwardencityofliterature.nl\/fy\/agenda\/coen-peppelenbosch-interviewt-marieke-lucas-rijneveld\/","url":"https:\/\/leeuwardencityofliterature.nl\/fy\/agenda\/coen-peppelenbosch-interviewt-marieke-lucas-rijneveld\/","name":"Coen Peppelenbosch interviewt Marieke Lucas Rijneveld - Leeuwarden City of Literature","isPartOf":{"@id":"https:\/\/leeuwardencityofliterature.nl\/fy\/#website"},"primaryImageOfPage":{"@id":"https:\/\/leeuwardencityofliterature.nl\/fy\/agenda\/coen-peppelenbosch-interviewt-marieke-lucas-rijneveld\/#primaryimage"},"image":{"@id":"https:\/\/leeuwardencityofliterature.nl\/fy\/agenda\/coen-peppelenbosch-interviewt-marieke-lucas-rijneveld\/#primaryimage"},"thumbnailUrl":"https:\/\/leeuwardencityofliterature.nl\/wp-content\/uploads\/2023\/02\/639b142d5a851.jpg","datePublished":"2023-02-21T19:14:06+00:00","breadcrumb":{"@id":"https:\/\/leeuwardencityofliterature.nl\/fy\/agenda\/coen-peppelenbosch-interviewt-marieke-lucas-rijneveld\/#breadcrumb"},"inLanguage":"nl-FY","potentialAction":[{"@type":"ReadAction","target":["https:\/\/leeuwardencityofliterature.nl\/fy\/agenda\/coen-peppelenbosch-interviewt-marieke-lucas-rijneveld\/"]}]},{"@type":"ImageObject","inLanguage":"nl-FY","@id":"https:\/\/leeuwardencityofliterature.nl\/fy\/agenda\/coen-peppelenbosch-interviewt-marieke-lucas-rijneveld\/#primaryimage","url":"https:\/\/leeuwardencityofliterature.nl\/wp-content\/uploads\/2023\/02\/639b142d5a851.jpg","contentUrl":"https:\/\/leeuwardencityofliterature.nl\/wp-content\/uploads\/2023\/02\/639b142d5a851.jpg","width":499,"height":400},{"@type":"BreadcrumbList","@id":"https:\/\/leeuwardencityofliterature.nl\/fy\/agenda\/coen-peppelenbosch-interviewt-marieke-lucas-rijneveld\/#breadcrumb","itemListElement":[{"@type":"ListItem","position":1,"name":"Home","item":"https:\/\/leeuwardencityofliterature.nl\/fy\/"},{"@type":"ListItem","position":2,"name":"Coen Peppelenbosch interviewt Marieke Lucas Rijneveld"}]},{"@type":"WebSite","@id":"https:\/\/leeuwardencityofliterature.nl\/fy\/#website","url":"https:\/\/leeuwardencityofliterature.nl\/fy\/","name":"Leeuwarden City of Literature","description":"","potentialAction":[{"@type":"SearchAction","target":{"@type":"EntryPoint","urlTemplate":"https:\/\/leeuwardencityofliterature.nl\/fy\/?s={search_term_string}"},"query-input":{"@type":"PropertyValueSpecification","valueRequired":true,"valueName":"search_term_string"}}],"inLanguage":"nl-FY"}]}</script>
<!-- / Yoast SEO plugin. -->

dbieb organiseert op zondag 2 april een middag met Marieke Lucas Rijneveld. Marieke Lucas draagt poëzie voor en signeert in de pauze. Hij wordt geïnterviewd door dichter en schrijver Coen Peppelenbos. (Deze activiteit was eerder gepland in de Poëzieweek, maar kon toen niet doorgaan)
